8*p - 105*p - 24 - 3*p**2 + p**3. Let n be k(7). Give s(n).
3
Let a(q) = -q**3 - 11*q**2 - 14*q - 9. Suppose -4551*l + 4562*l = -121. Calculate a(l).
145
Let i(l) = -3*l - 1. Let o be (5 + 47)*11/4. Let j = o + -133. Suppose j*d = 8*d - 6. What is i(d)?
8
Let h(g) = 40 - 5*g + 43*g + 6 - 16*g - 21*g. Calculate h(-35).
11
Let s(j) = j**3 - 8*j**2 - 7*j - 19. Let v be s(9). Let y = -2 + v. Let r = y - -12. Let p(c) = -c + 12. What is p(r)?
3
Let v(l) be the second derivative of 37*l**3/6 - 27*l**2/2 + 7890*l. Calculate v(3).
84
Let s(h) = -h**3 + 11*h**2 + 6*h - 60. Let j(f) = f**2 + 208*f - 6862. Let w be j(29). Give s(w).
6
Let t(o) be the second derivative of 7*o**3/6 - o**2 + 3*o. Let m be t(1). Let q(v) = v + 6 + 8 - 13. Calculate q(m).
6
Let j(z) be the second derivative of -2/3*z**4 - 5*z**2 - 12 - 1/20*z**5 + 5*z - 1/6*z**3. Give j(-8).
-2
Let s(h) = -11*h**3 + 4*h**2 - 4*h + 2. Let t be s(2). Let x = t - -79. Let f(d) = 2*d**2 + 2 - 2 - 3*d**3 - 2*d + 1. What is f(x)?
-2
Let r(w) be the third derivative of w**6/15 - w**5/30 + w**4/24 - w**2. Suppose 3*t - 4*f - 59 = 0, 0 = -140*t + 136*t + 53*f + 746. Determine r(t).
7
Let z(k) = -2*k**3 + 4*k**2 + 7*k - 9. Let g = -1405 + 1408. Give z(g).
-6
Let h(b) = -3*b + 56. Let u be h(14). Let q be (0 - (6 + (2 - 4))) + u. Let n(p) = -p**2 + 9*p + 12. Determine n(q).
2
Let h(p) = -16 + 19*p + 7*p - 50*p + 25*p. Suppose 0 = -16*w + 5 + 219. Give h(w).
-2
Let s(k) = -34*k - 142. Let y be s(-4). Let t(l) = l**3 + 7*l**2 - 7. Calculate t(y).
29
Let m(f) = -5*f**2 + 5*f + 3. Let x(p) = -p**2 + p. Let k(u) = -6*u + 4. Let r be k(-7). Let n = r - 47. Let i(w) = n*m(w) + 3*x(w). What is i(-2)?
9
Let r = 318 + -316. Let b(k) = -6*k + 1. Let f(p) be the third derivative of 13*p**4/24 - p**3/3 + 12*p**2. Let m(w) = -5*b(w) - 2*f(w). Give m(r).
7
Suppose -74*p + 91 = -87*p. Let r(t) = -t**2 - 12*t - 19. Calculate r(p).
16
Let x(s) = 2*s**3 + s. Let p(y) = 7*y**3 - y**2 + 4*y + 2. Let t(i) = p(i) - 3*x(i). Let b = -17 + 10. Let u = -5 - b. Calculate t(u).
8
Let r be 5*((-54)/(-3) - -1). Let v(j) = -153*j - 88. Let n be v(0). Let b = r + n. Let f(u) = u**3 - 8*u**2 + 8*u - 1. Calculate f(b).
6
Let r(i) = -2*i**2 + 31*i + 5. Suppose -914 = 12*t - 81*t + 259. Calculate r(t).
-46
Let d = 5 - -25. Suppose 0 = -3*o - 30 + d. Let l(u) = u**2 - u + 22. Determine l(o).
22
Let g(a) = a**2 + 67*a - 30*a - 9*a - 26*a + 2*a**2 + 6. What is g(-3)?
27
Suppose 52 = -25*a + 99 + 53. Let o(x) = -x**3 + x**2 + 10*x - 2. What is o(a)?
-10
Let w(p) = -2*p + 15. Let y(d) = 4*d**2 - 23*d + 3. Let v = 538 + -532. Let i be y(v). What is w(i)?
-3
Let y(q) = 5*q**3 - 22*q**2 + 38*q - 113. Let k be y(4). Let d(w) = -3*w**2 + 19*w + 23. Determine d(k).
9
Let g(m) = m**2 + 21*m + 80. Let z be g(-15). Let j(l) = -l**2 + 10*l + l**2 - 6 - 9*l + l**2 + 8*l. Calculate j(z).
4
Let p(t) be the first derivative of -t**3/3 + 11*t**2/2 - 76*t + 2504. Determine p(7).
-48
Let k(j) = -25*j**2 + 2*j - 14. Let n(y) = 29*y**2 - y + 15. Let f(l) = -7*k(l) - 6*n(l). What is f(0)?
8
Let q(w) = -2*w + 39. Let n be q(19). Let b = n + 1. Suppose 0 = -0*y + b*y - 4. Let j(m) = 9*m - 1. Give j(y).
17
Let l(x) = x**3 + 3*x**2 - 3*x - 38. Let c(y) = -5*y**3 - 14*y**2 + 16*y + 204. Let k(h) = -2*c(h) - 11*l(h). What is k(-5)?
5
Suppose u = 3*u - 14. Suppose -f + 4*h = 1 + u, -4*f = h - 36. Let r(p) = -75*p**3 - 9*p - 45*p**3 - 39*p**3 - 7*p**2 + 3 + 160*p**3. Determine r(f).
-5
Suppose -2*a + 13 = 27. Let c(s) = -2*s + 4*s + 0*s + 71 - 65. What is c(a)?
-8
Suppose 2*a - 3*c = -7*c + 20, -a + 4*c = 8. Let u(h) = a*h**3 + 2*h**2 - 7*h**3 - 3*h + 2 + 4*h**3. Let v be 1*2/3 - (-143)/(-39). Determine u(v).
2
Let a(q) = 2*q**2 - 31*q + 4. Let w(h) = -h**2 + 27*h - 3. Let k(g) = 6*a(g) + 7*w(g). Determine k(-1).
5
Let u(q) = -q**2 + 30*q - 241. Let n(w) = 11*w**3 - 143*w**2 + 5*w - 50. Let t be n(13). Calculate u(t).
-16
Let n(q) = q**2 + 4*q - 6. Let s = 276 - 272. Suppose -5*i = -5*p + 10, -5*i - s*p = 65 - 19. Give n(i).
6
Let t(h) = -20*h**2 - 5*h - 68. Let d(a) = 83*a**2 + 17*a + 274. Let u(x) = 6*d(x) + 25*t(x). Give u(-6).
10
Let i(b) = -7*b - 3. Let w(c) = -1. Let g(m) = 1. Let f(l) = 4*g(l) + 3*w(l). Let k(o) = 2*f(o) + i(o). Determine k(-1).
6
Let o(n) be the first derivative of -3*n**2/2 - 42*n - 2333. Determine o(-11).
-9
Let x(h) = 2*h - 5. Let a(q) = 6*q - 5 - 13*q**2 + 11*q - 4*q + q**3 - 3. Let g(z) = -z**2 + 8*z. Let k be g(6). Let t be a(k). What is x(t)?
3
Let w(i) be the first derivative of -i**4/4 + 4*i**3/3 - 4*i**2 + 8*i - 10969. Calculate w(3).
-7
Let t be (0/(-54))/(-3 - -4). Let g(p) = -p**2 - p + 27. Determine g(t).
27
Let x(t) = -11*t**2 - t. Let l(o) = 11*o**2 + 2*o - 2. Let i(a) = 4*l(a) + 5*x(a). Let k(b) = 2*b**2 - b + 1. Let w(s) = -i(s) - 5*k(s). Determine w(-3).
6
Let z = -158 - -147. Let m be (-2 + (-48)/(-20))/(z/110). Let k(a) = -a**2 + 3*a + 5. What is k(m)?
-23
Let y(c) = -22*c + 40. Suppose 174*h - 367 = -3 - 16. Determine y(h).
-4
Let r(w) = -w - 1. Suppose 7*h - 527 + 254 = 0. Let m = 48 - h. Give r(m).
-10
Let j(o) = o - 1. Let m be 9/(-2)*18/27 - -5. Suppose 4*n = -5*g + 124, 0*g + n = m*g - 60. Let s = -26 + g. Calculate j(s).
1
Suppose 0 = -5*f + 2*r + 10, 8 = -3*f - 2*r + 6*r. Let x(w) = -3 - 9 - w + f - 4. Determine x(-12).
0
Suppose -3*l - 24 = 2*p, -10*l = -7*l + 6. Let f(o) = 3*o - 46. Give f(p).
-73
Let p be (6/4)/(4/(-136)). Let b = 89 + p. Suppose 9*h + 2 = b. Let f(s) = s - 8. Give f(h).
-4
Suppose -2*q + 5*q + 5*r - 3 = 0, r + 33 = 5*q. Suppose -q*y + 80 = 2*y. Let c(p) = -y*p**3 + 33*p - 34*p + 2*p**3. Calculate c(-1).
9
Let h = 222 - 314. Let r = -89 - h. Let o be (-28)/(-49) + r/7. Let w(t) = 7*t**3 + t**2. Calculate w(o).
8
Let t be ((-32)/24)/((-6)/(-27)). Let a(m) = 6*m**3 - 7*m**2 + 5*m - 7. Let r(x) = -12*x**3 + 15*x**2 - 11*x + 15. Let j(o) = t*r(o) - 13*a(o). Determine j(-1).
7
Let y be ((-2)/(-10))/(30/450). Let g(k) = 4*k**3 - 7*k**2 + 4*k - 9. Let m(f) = 7*f**3 - 14*f**2 + 7*f - 18. Let l(h) = y*m(h) - 5*g(h). Calculate l(7).
-2
Let j(h) = h**3 - 8*h**2 - 6*h - 34. Let k be (1 - 2)*-6*4/(-16)*-6. Calculate j(k).
-7
Let l(d) = -d + 6. Let j(a) = -a**2 + 9*a + 7. Let t be j(8). Suppose 4*f - t = f. Let c be l(f). Let u(n) = -10*n**3 + 2*n - 1. Give u(c).
-9
Let v(n) = -7*n**3 - 5*n**2 - 12*n - 15. Let r(z) = 7*z + 3*z**2 + 4*z**3 - z - 5*z**2 + 4*z**2 + 8. Let o(i) = 5*r(i) + 3*v(i). Determine o(-4).
3
Let r(d) = 2*d**3 - 4*d**2 + 3*d - 1. Let l be 1/((-30)/(-15) - 5/3). Suppose l = 20*g - 37. What is r(g)?
5
Let m = -60 + 62. Let c(z) = 4 + m*z**2 - 2 - 5*z + 9*z. Suppose 2*w + 6 = -0*w. Determine c(w).
8
Let j(d) = 3*d**2 - 16*d - 4. Suppose -4*n = 4*s - 28, s - 10 = -3*n - 1. Calculate j(s).
8
Let z be (-110)/70 + (-9)/21. Let y(x) = -x + 6. Let m be y(z). Let l(p) = -p - 1. Give l(m).
-9
Let l(m) = m**2 - 8*m - 6. Let x = 73 - 72. Suppose 0 = v - 3*v + a, 2*a = 5*v + x. Let s be ((-15)/(-25) + v)*-20. Determine l(s).
-6
Let d(b) = 8*b + 22. Suppose 0 = 3*m - 4*x + 30, -5*m - 76 = -2*x - 12. Give d(m).
-90
Suppose -z = 3, 4*z + 96 = 4*j + 20. Let t be 0*(88/j)/11. Let h(q) = -2*q. Calculate h(t).
0
Let c(t) = -33 - t + 3*t + 4 + 38. Determine c(-6).
-3
Let g(i) = 14*i**3 - 87*i**2 + 78*i + 18. Let v(a) = 5*a**3 - 44*a**2 + 38*a + 8. Let q(r) = -2*g(r) + 5*v(r). Calculate q(-16).
-28
Suppose -4*y + 3 = -3*y. Let u(h) = 7*h**2 + h - 1 - 5*h - 5*h**3 - h**2 + 4*h**y. Calculate u(5).
4
Suppose 0 = 84*p + 170*p + 1016. Let c(l) = -2*l**2 + l + 4. Let d(h) = h + 1. Let x(z) = -c(z) - 2*d(z). What is x(p)?
38
Let p(z) = -3 - 14*z - 26 - 21 - 88. Determine p(-10).
2
Let s(f) = 11*f + 11. Let a(h) = 18*h + 18. Let u(l) = -6*a(l) + 10*s(l). Let g = 7 + -4. Let o(i) = -i**2 + 2*i - 3. Let x be o(g). Determine u(x).
-10
Let j(l) = l**3 + 3*l**2 - 8*l + 11. Let b be j(-5). Let h(w) = 22*w**2 + 2*w - 20*w**2 + 2*w + 0 - 2*w - b. Calculate h(0).
-1
Let j(l) = -l**2 + 7*l - 7. Suppose -4*c + 5 + 19 = 0. Suppose f + 27 = 5*o, 11 = 2*f - 3*o + c*o. Let q be (-21 + 20)/(f/10). Determine j(q).
3
Let d(l) = l**3 + 5*l**2 - 5*l + 8. Let u be 11/(132/(-16))*-93. Let f = -130 + u. Give d(f).
2
Let o(c) = 1 + 0 - 2*c**3 - 1 + 152*c - 151*c + 2. Let f(b) = -b**3 - 13*b**2 + 13*b - 16. Let t be f(-14). Calculate o(t).
16
S